s the ten thousands digit of 29990?
2
What is the tens digit of 24784?
8
What is the thousands digit of 70119?
0
What is the ten thousands digit of 35806?
3
What is the tens digit of 1603?
0
What is the thousands digit of 47674?
7
What is the hundreds digit of 11204?
2
What is the units digit of 255?
5
What is the units digit of 32152?
2
What is the tens digit of 1911?
1
What is the ten thousands digit of 14331?
1
What is the thousands digit of 20131?
0
What is the tens digit of 39613?
1
What is the ten thousands digit of 18181?
1
What is the ten thousands digit of 42672?
4
What is the thousands digit of 5161?
5
What is the thousands digit of 1567?
1
What is the units digit of 436?
6
What is the ten thousands digit of 12505?
1
What is the tens digit of 7383?
8
What is the thousands digit of 42223?
2
What is the units digit of 15577?
7
What is the thousands digit of 2488?
2
What is the hundreds digit of 873?
8
What is the units digit of 1240?
0
What is the thousands digit of 91057?
1
What is the units digit of 24411?
1
What is the units digit of 676?
6
What is the thousands digit of 1945?
1
What is the thousands digit of 3735?
3
What is the tens digit of 130847?
4
What is the tens digit of 86?
8
What is the tens digit of 7538?
3
What is the tens digit of 2432?
3
What is the thousands digit of 1154?
1
What is the units digit of 79682?
2
What is the tens digit of 748?
4
What is the thousands digit of 11924?
1
What is the thousands digit of 10868?
0
What is the thousands digit of 2462?
2
What is the ten thousands digit of 16302?
1
What is the thousands digit of 1187?
1
What is the tens digit of 968?
6
What is the units digit of 3868?
8
What is the thousands digit of 2688?
2
What is the tens digit of 1084?
8
What is the tens digit of 2335?
3
What is the units digit of 8158?
8
What is the hundreds digit of 801?
8
What is the tens digit of 122?
2
What is the thousands digit of 16959?
6
What is the tens digit of 39372?
7
What is the tens digit of 101018?
1
What is the thousands digit of 6152?
6
What is the units digit of 4102?
2
What is the thousands digit of 4421?
4
What is the tens digit of 10651?
5
What is the ten thousands digit of 29704?
2
What is the units digit of 5114?
4
What is the units digit of 9873?
3
What is the hundreds digit of 19162?
1
What is the tens digit of 927?
2
What is the thousands digit of 3550?
3
What is the tens digit of 33726?
2
What is the thousands digit of 10083?
0
What is the tens digit of 330?
3
What is the ten thousands digit of 159703?
5
What is the hundreds digit of 41362?
3
What is the hundreds digit of 16402?
4
What is the hundreds digit of 580?
5
What is the tens digit of 15726?
2
What is the hundreds digit of 904?
9
What is the thousands digit of 5037?
5
What is the units digit of 5074?
4
What is the hundreds digit of 5065?
0
What is the units digit of 5344?
4
What is the thousands digit of 99817?
9
What is the units digit of 761?
1
What is the tens digit of 852?
5
What is the hundreds digit of 6253?
2
What is the tens digit of 1248?
4
What is the thousands digit of 3555?
3
What is the tens digit of 35?
3
What is the units digit of 103166?
6
What is the units digit of 524?
4
What is the units digit of 7874?
4
What is the thousands digit of 1077?
1
What is the units digit of 5887?
7
What is the units digit of 56?
6
What is the hundreds digit of 4879?
8
What is the thousands digit of 28324?
8
What is the units digit of 178?
8
What is the tens digit of 745?
4
What is the tens digit of 217?
1
What is the tens digit of 1152?
5
What is the tens digit of 15583?
8
What is the units digit of 2530?
0
What is the units digit of 4100?
0
What is the thousands digit of 1261?
1
What is the thousands digit of 24589?
4
What is the ten thousands digit of 30201?
3
What is the ten thousands digit of 92286?
9
What is the hundreds digit of 945?
9
What is the hundreds digit of 30140?
1
What is the thousands digit of 2190?
2
What is the tens digit of 168820?
2
What is the hundreds digit of 93377?
3
What is the tens digit of 22396?
9
What is the units digit of 1766?
6
What is the hundreds digit of 3244?
2
What is the hundreds digit of 508?
5
What is the units digit of 4010?
0
What is the thousands digit of 15338?
5
What is the thousands digit of 3402?
3
What is the tens digit of 8874?
7
What is the units digit of 1269?
9
What is the tens digit of 106871?
7
What is the tens digit of 1054?
5
What is the units digit of 2011?
1
What is the thousands digit of 11153?
1
What is the hundreds digit of 41296?
2
What is the thousands digit of 1523?
1
What is the units digit of 1495?
5
What is the ten thousands digit of 18113?
1
What is the thousands digit of 22182?
2
What is the ten thousands digit of 17442?
1
What is the hundreds digit of 7626?
6
What is the tens digit of 1150?
5
What is the hundreds digit of 59167?
1
What is the ten thousands digit of 32843?
3
What is the units digit of 1142?
2
What is the tens digit of 58?
5
What is the hundreds digit of 916?
9
What is the units digit of 57?
7
What is the thousands digit of 1597?
1
What is the hundreds digit of 243?
2
What is the units digit of 2658?
8
What is the tens digit of 133698?
9
What is the tens digit of 43397?
9
What is the hundreds digit of 259?
2
What is the thousands digit of 6924?
6
What is the tens digit of 21615?
1
What is the tens digit of 12484?
8
What is the thousands digit of 54402?
4
What is the tens digit of 11080?
8
What is the ten thousands digit of 116719?
1
What is the thousands digit of 16991?
6
What is the hundreds digit of 1669?
6
What is the units digit of 28039?
9
What is the thousands digit of 1352?
1
What is the units digit of 101478?
8
What is the hundreds digit of 14560?
5
What is the hundreds digit of 101510?
5
What is the tens digit of 1185?
8
What is the tens digit of 84?
8
What is the hundreds digit of 554?
5
What is the hundreds digit of 945?
9
What is the units digit of 3090?
0
What is the ten thousands digit of 15431?
1
What is the thousands digit of 2265?
2
What is the tens digit of 1503?
0
What is the tens digit of 11025?
2
What is the hundreds digit of 920?
9
What is the hundreds digit of 5576?
5
What is the hundreds digit of 8646?
6
What is the tens digit of 5705?
0
What is the tens digit of 1664?
6
What is the hundreds digit of 1919?
9
What is the tens digit of 102535?
3
What is the hundreds digit of 802?
8
What is the hundreds digit of 8270?
2
What is the units digit of 3019?
9
What is the units digit of 279?
9
What is the tens digit of 2189?
8
What is the hundreds digit of 6595?
5
What is the thousands digit of 1050?
1
What is the thousands digit of 75733?
5
What is the hundreds digit of 472?
4
What is the thousands digit of 3286?
3
What is the units digit of 1296?
6
What is the ten thousands digit of 71784?
7
What is the ten thousands digit of 15439?
1
What is the thousands digit of 22465?
2
What is the tens digit of 42279?
7
What is the units digit of 38748?
8
What is the ten thousands digit of 106287?
0
What is the units digit of 414?
4
What is the units digit of 1785?
5
What is the hundreds digit of 1514?
5
What is the tens digit of 173?
7
What is the units digit of 3906?
6
What is the tens digit of 1238?
3
What is the tens digit of 2434?
3
What is the tens digit of 7041?
4
What is the units digit of 221?
1
What is the tens digit of 293?
9
What is the hundreds digit of 686?
6
What is the units digit of 63009?
9
What is the tens digit of 2388?
8
What is the units digit of 8247?
7
What is the tens digit of 8127?
2
What is the units digit of 17775?
5
What is the hundreds digit of 247?
2
What is the tens digit of 112258?
5
What is the tens digit of 9440?
4
What is the hundreds digit of 930?
9
What is the hundreds digit of 11826?
8
What is the hundreds digit of 2889?
8
What is the units digit of 1883?
3
What is the tens digit of 72?
7
What is the units digit of 4584?
4
What is the hundreds digit of 346?
3
What is the hundred thousands digit of 138549?
1
What is the hundreds digit of 157390?
3
What is the thousands digit of 8484?
8
What is the tens digit of 122?
2
What is the hundreds digit of 10000?
0
What is the tens digit of 61?
6
What is the thousands digit of 1184?
1
What is the tens digit of 15034?
3
What is the thousands digit of 3096?
